8348
What is -1b99c7 (base 15) in base 10?
-1348837
Convert 96048 (base 11) to base 4.
202020133
What is 13566108 (base 9) in base 13?
15120a7
Convert -1000200121011 (base 3) to base 12.
-223487
What is -1a8ac6 (base 15) in base 11?
-804aa9
Convert -97264 (base 12) to base 4.
-300212230
5302430 (base 6) to base 13
900ba
Convert 2c33a8 (base 15) to base 4.
20021301320
What is -7d8cee (base 15) in base 16?
-5b9bda
What is 68b7d (base 15) in base 2?
1010001011000011111
Convert 10445597 (base 10) to base 14.
155c9c1
What is -474240 (base 8) in base 9?
-266136
Convert -1280316 (base 9) to base 13.
-1b786c
What is 809b63 (base 13) in base 9?
5560287
What is 341744 (base 10) in base 9?
570705
Convert -178562 (base 11) to base 6.
-5520255
What is -22222110001120 (base 3) in base 5?
-2210201301
Convert -32403312 (base 6) to base 8.
-3534574
What is -10011101100100100110 (base 2) in base 5?
-131123124
What is -13364451 (base 8) in base 6?
-144253401
What is 16657e (base 16) in base 10?
1467774
Convert 4620 (base 7) to base 6.
11440
Convert -133003133233 (base 4) to base 13.
-18c0541
Convert 16810a9 (base 11) to base 15.
3b654a
What is 5211605 (base 7) in base 15?
c5252
Convert 11542624 (base 8) to base 4.
21230112110
What is a7b3 (base 13) in base 15?
6d84
Convert 131201032021 (base 4) to base 12.
27121a1
1145635 (base 7) to base 11
9a844
-252510324 (base 7) to base 4
-330322233000
101111000110111100 (base 2) to base 8
570674
What is 110222202221120 (base 3) in base 15?
915ad0
What is -1202202000 (base 3) in base 13?
-12ac2
Convert -227b2 (base 13) to base 10.
-62844
Convert 1205026 (base 7) to base 3.
21202212121
Convert -1012210022210 (base 3) to base 2.
-10011101100100011010
Convert -120021212112 (base 3) to base 5.
-34112413
Convert -3156164 (base 7) to base 3.
-201111121222
1807543 (base 13) to base 9
15628011
Convert 1000020102221201 (base 3) to base 11.
8197904
What is -318646 (base 13) in base 4?
-10123132000
What is -3217bc (base 13) in base 11?
-7324a0
-1013331240 (base 5) to base 7
-23522020
-1012011021 (base 4) to base 12
-11a149
What is -21a217 (base 11) in base 4?
-1111201221
Convert -1000111001011001110 (base 2) to base 13.
-a2909
Convert -7810289 (base 11) to base 15.
-130a810
What is -50110053 (base 6) in base 13?
-3a4301
What is 213304340 (base 5) in base 6?
31345432
-2413b (base 12) to base 7
-261422
What is 1053008 (base 9) in base 10?
566441
-20d77 (base 15) to base 3
-12022001111
Convert -26289 (base 12) to base 10.
-52233
What is -110211100112 (base 3) in base 14?
-68031
What is 2110210220100 (base 3) in base 15?
1ae999
Convert 1019a4 (base 13) to base 8.
1334551
Convert -10010100011010100 (base 2) to base 10.
-75988
933212 (base 11) to base 9
2732323
Convert 1a761b1 (base 12) to base 7.
65566201
-121102112 (base 4) to base 8
-312226
What is -1ad61 (base 15) in base 8?
-252537
What is -20bc92 (base 14) in base 6?
-35431024
4540 (base 8) to base 7
6666
What is -1011100001000110101000 (base 2) in base 11?
-1782396
Convert -e065b4 (base 16) to base 7.
-235666633
Convert 203131103 (base 4) to base 11.
9a132
-1738585 (base 9) to base 16
-ed01d
Convert 5324453 (base 7) to base 10.
645074
What is 83110 (base 13) in base 12?
b4191
Convert -2614425 (base 7) to base 9.
-567510
22996 (base 10) to base 7
124021
What is 245315115 (base 6) in base 11?
274680a
Convert 398a200 (base 11) to base 9.
13867823
Convert -11304031 (base 5) to base 4.
-121103121
-189053 (base 11) to base 2
-1000110110110101000
Convert 3032113 (base 9) to base 6.
54343233
Convert 10100002212012 (base 3) to base 5.
423223204
-110023121 (base 4) to base 10
-82649
What is 116063510 (base 7) in base 15?
995d85
Convert -121323233 (base 4) to base 12.
-5157b
233321121 (base 4) to base 14
516d3
1001232022 (base 6) to base 11
57a9575
What is 763856 (base 9) in base 6?
13433123
What is 3921587 (base 11) in base 5?
3214423310
1042234 (base 7) to base 9
214601
Convert -1303321113 (base 4) to base 2.
-1110011111001010111
What is -52437 (base 8) in base 9?
-32802
-78698 (base 11) to base 14
-2d768
113420334 (base 5) to base 7
4333433
What is -166410020 (base 7) in base 11?
-6532325
What is 160491 (base 11) in base 7?
2056231
-34024331 (base 5) to base 11
-194480
3424023203 (base 5) to base 9
15337237
-3130442 (base 5) to base 8
-145435
Convert -14f9a8 (base 16) to base 7.
-14453450
Convert 2b6728 (base 13) to base 14.
1dc512
-40b625 (base 13) to base 6
-52212304
Convert -3034963 (base 12) to base 4.
-202130031123
What is -210780 (base 11) in base 14?
-8b0bc
-128314 (base 9) to base 5
-10001014
Convert -1211102021020 (base 3) to base 7.
-11160543
-40042026 (base 7) to base 9
-6185806
-570708 (base 11) to base 12
-379985
Convert 2b505 (base 12) to base 16.
ef15
What is -12425222 (base 7) in base 10?
-1132700
Convert 44877 (base 15) to base 3.
102001220211
Convert -10100110110110111 (base 2) to base 9.
-140163
Convert 20021002 (base 4) to base 12.
1736a
What is -3722517 (base 9) in base 16?
-1edd0b
Convert -268851 (base 9) to base 13.
-59848
Convert -165349 (base 11) to base 13.
-8c67b
What is 54b9a83 (base 12) in base 11?
91450a6
5013522 (base 7) to base 8
2204100
Convert 201010101110 (base 3) to base 15.
76816
Convert -24362317 (base 8) to base 15.
-710346
What is 386c6 (base 16) in base 3?
102202000122
What is -4323034 (base 6) in base 8?
-640336
123331030233 (base 4) to base 13
1697934
Convert 5ca46 (base 13) to base 9.
280407
244166 (base 12) to base 14
114298
Convert 12230444300 (base 5) to base 9.
30588740
350273 (base 10) to base 15
6dbb8
What is 92004 (base 11) in base 14?
36dc7
What is -5bee8b (base 15) in base 11?
-2539002
What is 166068 (base 10) in base 2?
101000100010110100
-212110200133 (base 4) to base 2
-100110010100100000011111
Convert 2054344 (base 6) to base 11.
697aa
112122110010 (base 3) to base 4
1012120122
-8a04a (base 14) to base 7
-2563123
Convert 204311143 (base 5) to base 10.
853923
-612656 (base 7) to base 13
-385c4
What is 708296 (base 12) in base 7?
20632452
315098 (base 12) to base 14
162b1a
-3003133100 (base 4) to base 2
-11000011011111010000
Convert 20041234 (base 6) to base 12.
23321a
What is -4c278c (base 14) in base 7?
-31156235
Convert -5552216 (base 7) to base 6.
-22403402
202210210201 (base 3) to base 9
683721
-9978ac (base 13) to base 8
-15625507
Convert -168638 (base 10) to base 4.
-221022332
What is -203201011 (base 4) in base 2?
-100011100001000101
Convert -5463d1 (base 14) to base 12.
-b5b12b
-1201301012 (base 4) to base 9
-670278
-370102 (base 12) to base 4
-3121232102
d9614 (base 14) to base 16
803f2
What is 47066334 (base 8) in base 10?
10251484
Convert -15dab3 (base 15) to base 4.
-10002133221
Convert 4247206 (base 10) to base 5.
2041402311
Convert -91048 (base 13) to base 9.
-434627
20077a (base 12) to base 6
14405034
-121303553 (base 6) to base 12
-934bb9
What is 686d1 (base 14) in base 12?
102a67
What is 123300221 (base 4) in base 9?
182868
Convert -408063 (base 10) to base 4.
-1203213333
What is -23248 (base 10) in base 8?
-55320
Convert -111011111110011101 (base 2) to base 9.
-413876
What is -4c10a (base 13) in base 15?
-2baac
-22104a (base 11) to base 5
-42242034
What is 310a62a (base 11) in base 4?
110330102022
Convert -1010212120012 (base 3) to base 5.
-123421132
Convert -111531 (base 6) to base 4.
-2110033
Convert -11ba87 (base 16) to base 2.
-100011011101010000111
Convert -1425543 (base 8) to base 14.
-a74c3
Convert -5304632 (base 9) to base 14.
-53c26b
Convert 3573575 (base 8) to base 3.
1211211111012
230112 (base 6) to base 9
28648
What is 73d550 (base 14) in base 15?
5257ad
What is 11111111010000 (base 2) in base 5?
1010321
What is da6e7 (base 16) in base 12?
37191b
Convert 10001121021222 (base 3) to base 11.
a10608
Convert 422043031 (base 5) to base 2.
110101011111100111011
253cb63 (base 13) to base 16
b15e86
Convert 100101200002 (base 3) to base 9.
311602
-3742610 (base 10) to base 8
-16215622
Convert 1253146 (base 8) to base 7.
2654551
What is 7406230 (base 8) in base 10?
1969304
Convert -cc0ac (base 15) to base 4.
-2132033202
What is -26975a (base 13) in base 16?
-e4447
Convert 202011112110 (base 3) to base 11.
251279
Convert -1173633 (base 12) to base 2.
-1100111010101011000111
1201202121122 (base 3) to base 16
e0b7f